-21424
What is 101111011001101 (base 2) in base 15?
72ce
What is -836a (base 13) in base 3?
-220221000
1001100011 (base 2) to base 10
611
-24b8 (base 14) to base 5
-201214
-1043 (base 7) to base 5
-2444
-830 (base 9) to base 2
-1010100011
1213511 (base 6) to base 14
19639
Convert -1182 (base 11) to base 8.
-3006
160 (base 13) to base 8
367
What is 15ae (base 16) in base 4?
1112232
What is -2235 (base 10) in base 14?
-b59
Convert 1113 (base 8) to base 10.
587
-10002 (base 6) to base 2
-10100010010
-130326 (base 7) to base 13
-b00a
4beb (base 16) to base 5
1110220
What is 2811 (base 9) in base 13?
c6a
What is 102440 (base 5) in base 10?
3495
-39d8 (base 14) to base 7
-41461
What is -220 (base 3) in base 14?
-1a
Convert -7704 (base 8) to base 6.
-30404
Convert 3112 (base 6) to base 4.
22310
Convert 21b9 (base 15) to base 2.
1101111101101
27472 (base 9) to base 5
1043424
What is bc4 (base 13) in base 7?
5613
12a7 (base 13) to base 12
1668
101101100010001 (base 2) to base 16
5b11
What is -4423 (base 7) in base 6?
-11201
What is -1519 (base 10) in base 2?
-10111101111
Convert 1010201 (base 3) to base 16.
33d
Convert 1000101 (base 3) to base 5.
10424
-10403 (base 5) to base 6
-3212
What is -4a (base 12) in base 10?
-58
Convert 120220 (base 4) to base 14.
808
1278 (base 16) to base 12
28a0
What is -600 (base 8) in base 13?
-237
What is 362 (base 15) in base 9?
1042
Convert 202cb (base 13) to base 5.
3321002
Convert 10100011001100 (base 2) to base 9.
15284
1364 (base 13) to base 15
c5b
1011000000 (base 2) to base 9
862
Convert 235 (base 7) to base 3.
11121
Convert -11302 (base 4) to base 6.
-1414
4828 (base 13) to base 4
2132332
Convert -831 (base 9) to base 2.
-1010100100
-c8 (base 16) to base 3
-21102
-1010120122 (base 3) to base 11
-15826
-100c (base 14) to base 7
-11015
Convert -3022333 (base 4) to base 12.
-7627
Convert 113 (base 8) to base 3.
2210
1234 (base 6) to base 15
15a
Convert -1580 (base 11) to base 12.
-1208
-72e (base 15) to base 14
-839
What is 1101111001 (base 2) in base 7?
2410
Convert 854 (base 12) to base 7.
3355
Convert -1120 (base 5) to base 2.
-10100000
What is -3491 (base 10) in base 4?
-312203
101110 (base 4) to base 16
454
-51130 (base 8) to base 14
-797a
10201 (base 5) to base 2
1010100100
What is -12212 (base 8) in base 9?
-7182
61ac (base 16) to base 13
b4c5
Convert 7d0 (base 14) to base 4.
120102
Convert -684 (base 13) to base 8.
-2142
224 (base 8) to base 10
148
What is -3ac9 (base 15) in base 14?
-4816
-5c7 (base 13) to base 15
-473
What is 100000100010 (base 2) in base 14?
a8a
Convert -19cd (base 16) to base 5.
-202410
-1000011110010000 (base 2) to base 11
-2408a
111001100 (base 2) to base 15
20a
What is -1558 (base 9) in base 13?
-704
Convert 35553 (base 7) to base 10.
9201
What is -111222 (base 3) in base 9?
-458
-210102100 (base 3) to base 5
-444430
Convert -930a (base 13) to base 6.
-233534
294 (base 15) to base 16
24d
What is -430205 (base 7) in base 5?
-4341114
Convert 3213 (base 7) to base 4.
101301
What is 1410 (base 7) in base 6?
2310
Convert 33113 (base 5) to base 2.
100011101011
122322 (base 4) to base 14
8b0
37e0 (base 15) to base 7
46503
616 (base 7) to base 14
17d
Convert 1157 (base 13) to base 8.
4606
Convert 11b76 (base 12) to base 6.
303430
3a (base 11) to base 7
61
What is -3501 (base 8) in base 2?
-11101000001
Convert 1972 (base 11) to base 16.
9c3
What is -b3b (base 15) in base 11?
-19a1
-124012 (base 5) to base 7
-20143
Convert 111001001 (base 2) to base 10.
457
Convert 5075 (base 9) to base 16.
e81
13a2 (base 11) to base 6
12210
What is 116 (base 10) in base 4?
1310
54d6 (base 15) to base 5
1033401
813 (base 10) to base 6
3433
-113 (base 5) to base 12
-29
Convert -745b (base 16) to base 10.
-29787
What is 1871 (base 15) in base 3?
21020121
Convert -14522 (base 7) to base 11.
-3038
573 (base 10) to base 2
1000111101
Convert 10335 (base 9) to base 3.
100101012
What is 252 (base 11) in base 2?
100101011
What is -60120 (base 9) in base 16?
-9a29
What is -101001001001 (base 2) in base 13?
-1277
Convert -71 (base 14) to base 2.
-1100011
What is -11101010111010 (base 2) in base 5?
-440114
Convert -984b (base 12) to base 15.
-4e78
453 (base 16) to base 15
4dc
What is 401 (base 15) in base 5?
12101
30340 (base 5) to base 9
2628
What is -25221 (base 7) in base 11?
-4a88
Convert -50442 (base 10) to base 16.
-c50a
Convert 22 (base 13) to base 16.
1c
Convert 1220101 (base 3) to base 11.
1051
Convert -54130 (base 6) to base 7.
-30366
Convert 22311 (base 12) to base 10.
45373
Convert -2220221 (base 3) to base 4.
-201103
Convert 11111111101 (base 2) to base 12.
1225
What is 471 (base 12) in base 5?
10121
2220020120 (base 3) to base 13
1cc68
-22292 (base 10) to base 11
-15826
What is -232230 (base 4) in base 7?
-11466
-1b6 (base 12) to base 15
-13c
Convert -14 (base 5) to base 7.
-12
Convert 210012 (base 3) to base 14.
2cc
1208 (base 16) to base 4
1020020
What is -4341 (base 5) in base 9?
-732
What is -2314 (base 10) in base 6?
-14414
What is 5d1 (base 15) in base 16?
529
Convert -325 (base 7) to base 4.
-2212
Convert a8 (base 12) to base 14.
92
What is -3094 (base 10) in base 15?
-db4
349c (base 15) to base 10
11172
Convert -132021 (base 4) to base 16.
-789
276 (base 12) to base 5
3003
39 (base 16) to base 14
41
-11213031 (base 4) to base 13
-a605
-14209 (base 11) to base 12
-b848
What is 1023134 (base 5) in base 2?
100001110001110
7917 (base 12) to base 15
3e91
Convert 116 (base 16) to base 7.
545
Convert -2c2 (base 16) to base 12.
-4aa
What is 7538 (base 13) in base 8?
37617
What is -21b (base 13) in base 7?
-1025
Convert -1278 (base 10) to base 13.
-774
492f (base 16) to base 9
27626
Convert -e37 (base 15) to base 6.
-22454
-3791 (base 10) to base 14
-154b
Convert -101000100010001 (base 2) to base 4.
-11010101
Convert -3d3 (base 16) to base 11.
-810
What is -578 (base 9) in base 6?
-2112
Convert 6774 (base 8) to base 2.
110111111100
What is -3838 (base 14) in base 11?
-7445
What is 279 (base 12) in base 7?
1053
What is 6192 (base 14) in base 10?
16788
What is -59e (base 15) in base 5?
-20044
Convert 16a16 (base 11) to base 10.
23854
-3108 (base 13) to base 9
-10250
What is 1a91 (base 16) in base 7?
25554
480 (base 10) to base 2
111100000
What is -2022124 (base 5) in base 3?
-1122222102
What is 48a1 (base 16) in base 8?
44241
Convert -81a (base 11) to base 13.
-5b1
Convert -34122 (base 5) to base 4.
-211230
35a5 (base 14) to base 10
9357
What is -621 (base 8) in base 10?
-401
Convert -25320 (base 6) to base 5.
-110132
26250 (base 9) to base 3
220021200
What is 7189 (base 12) in base 2?
11000000111001
21210 (base 4) to base 6
2500
222050 (base 6) to base 13
8613
What is -102354 (base 7) in base 16?
-450f
-23201 (base 5) to base 6
-11432
Convert -145310 (base 6) to base 10.
-14154
Convert -233 (base 13) to base 5.
-3010
What is -11315 (base 6) in base 9?
-2212
Convert 34cb (base 16) to base 5.
413030
3657 (base 13) to base 7
31245
23035 (base 7) to base 9
8027
Convert -10101011011100 (base 2) to base 7.
-43663
Convert -252 (base 16) to base 2.
-1001010010
10233 (base 4) to base 14
179
Convert 32108 (base 9) to base 14.
7a46
What is 27400 (base 9) in base 8?
44165
What is 16336 (base 7) in base 9?
6317
What is -826 (base 14) in base 9?
-2170
What is 1121 (base 4) in base 3?
10022
53b (base 14) to base 7
3004
Convert -242 (base 14) to base 7.
-1212
What is 1a6 (base 16) in base 5?
3142
Convert -131013 (base 4) to base 7.
-5301
What is -111022 (base 6) in base 8?
-22126
-1000101010 (base 2) to base 11
-464
-121211000 (base 3) to base 12
-7116
-17336 (base 8) to base 7
-32016
-100203122 (base 4) to base 2
-10000100011011010
Convert 11224 (base 6) to base 2.
11001000000
9177 (base 10) to base 13
423c
Convert 14c (base 15) to base 4.
10221
23669 (base 13) to base 7
356651
Convert 1221220 (base 3) to base 2.
10110010100
3367 (base 10) to base 16
d27
Convert 2118 (base 13) to base 4.
1013220
-5314 (base 9) to base 8
-7475
Convert -295 (base 10) to base 8.
-447
-593 (base 13) to base 16
-3c5
1044402 (base 5) to base 3
221200121
What is -1080 (base 9) in base 8?
-1441
-1441 (base 13) to base 9
-4011
165 (base 7) to base 5
341
What is -21550 (base 10) in base 8?
-52056
22088 (base 9) to base 7
60512
What is 372a (base 